 -315*d + 320*d, 2*b + 3*d = 354. What is the remainder when 247 is divided by b?
76
Suppose -10*t = -5379 + 149. Let o = -471 + t. What is the remainder when 727 is divided by o?
51
Calculate the remainder when ((-62)/(-24) + (120/(-18))/(-4))*64 is divided by 61.
28
Let g(z) = z - 22*z + 5*z - 5. Calculate the remainder when g(-8) is divided by 31.
30
Let c(g) = g**3 + 13*g**2 + 10*g - 38. Suppose -u + i = -4*u + 111, 4*u - 149 = -i. Let m = u - 15. Calculate the remainder when c(-4) is divided by m.
20
Let q be (-3)/((-18)/8)*-12. Let u = q - -32. Calculate the remainder when u is divided by (15/21)/(-1 - (-40)/35).
1
Suppose -y + 0*y + 4 = 0. Suppose -y*l - 39 + 27 = 0. Calculate the remainder when 65 is divided by 15 - (-4 - (l + 1)).
14
Let c = -1790 - -1831. Let v(i) = 5*i + 2. Let u = -10 - -14. What is the remainder when c is divided by v(u)?
19
Suppose 0 = -3*y - 3*y + 24. Suppose 5*u - y*r = 78, 2*r - 167 = -5*u - 71. What is the remainder when 1484/126 + 4/u is divided by 3?
0
Let i(a) = -12*a**3 + 41*a**2 + 83*a + 3. What is the remainder when 490 is divided by i(-2)?
5
Let r(y) = 2*y**2 + 10*y + 2. What is the remainder when r(-9) is divided by (-6752)/(-160) + -2 + 9/5 - -3?
29
Let v = 2806 + -2779. Suppose -6*d = -3*d. Suppose d = 2*u + 3*u - 40. Calculate the remainder when v is divided by u.
3
What is the remainder when (-303 + 17)*10*(-1)/4 is divided by 353?
9
Let j(b) = -509*b - 51396. Suppose -491 = -4*p + 593. Calculate the remainder when p is divided by j(-101).
11
Let j(n) be the third derivative of -n**6/60 + 23*n**5/60 - 3*n**4/8 + 10*n**3/3 - 32*n**2. What is the remainder when 81 is divided by j(11)?
39
Let n(z) = 12*z**2 + 362*z + 1436. Calculate the remainder when n(-4) is divided by 152.
28
Let y(q) = -372*q - 2162. What is the remainder when y(-8) is divided by 48?
46
Suppose x = 18*g - 13*g - 9224, -3*g - x = -5528. What is the remainder when g is divided by 71?
69
Suppose 0 = u - 2, -2*u - 401 = 3*n. Let o = n - -150. What is the remainder when 46 is divided by o?
1
Let d = 952 - 948. Suppose d*v - 16 = 0, -k - 70 = -2*k + 5*v. What is the remainder when k is divided by 39?
12
Let o = -97 - -116. Let r be -19 + 2 + -1 + 4. What is the remainder when 42/16*o - r/112 is divided by 20?
10
What is the remainder when (7 - 5178/12)/((-15)/80) is divided by 84?
80
Suppose -54 = -20*i - 134. What is the remainder when -3 + 2865/33 + i/(-22) is divided by 17?
16
Suppose -2*p - 225 = -6*p - q, 0 = q + 3. Let d = -132 + 136. Suppose 3*n + 49 = 2*l, d*n + 20 = l + n. What is the remainder when p is divided by l?
28
Let s = 512 + -366. Let b = s - 141. Suppose 440 = b*g + 6*g. Calculate the remainder when g is divided by 9.
4
Suppose 0*w = 4*w - 9*w + 350. What is the remainder when 604 is divided by w?
44
Let q(w) = -1098*w - 8. Let u be q(-1). Suppose 6*f - u = -142. What is the remainder when f is divided by 10?
8
Suppose -405 = 7*u - 524. Suppose -2*t = -12 - 48. Calculate the remainder when t is divided by u.
13
Suppose -23334 = -552*g - 1812 + 2214. What is the remainder when 1612 is divided by g?
21
What is the remainder when 446 is divided by 1/1*(-2352)/(-48)?
5
Suppose -25*q - 80 = -355. Let j(v) = -v**3 + 12*v**2 + 3*v + 13. Calculate the remainder when j(q) is divided by 32.
7
Let p be (-13)/((-65)/(-90)) + 2 + 0. Let v be p/(-20) + -2*(-4)/40. Calculate the remainder when ((-30)/35*v)/(1/(-98)) is divided by 43.
41
Suppose 11*z + z = -300. Let c = z - -29. Suppose -3*q = -6*q + 126. What is the remainder when q is divided by c?
2
Suppose -55232*a + 55241*a - 741 = 690. Calculate the remainder when 574 is divided by a.
97
Let t = 20899 + -20658. What is the remainder when 1130 is divided by t?
166
Suppose 0 = -q - 5 + 8, 0 = -a - 5*q - 24. Let y = a + 37. What is the remainder when 10 is divided by -4*(y/3 - (-4)/(-12))?
2
Suppose 30*b - 14181 = -2721. What is the remainder when b is divided by 4?
2
Let v = -8751 + 8927. Calculate the remainder when 665 is divided by v.
137
Suppose -5*h - 4*o + 2 = 23, 2*o + 12 = -4*h. Calculate the remainder when 96 is divided by (33 - 34)*(-52 + h).
43
Suppose 0 = -9*z + 3*z + 636. What is the remainder when z is divided by (-2 - 10)*54/(-12)?
52
Let n(l) = l**2 + 14*l + 13. Let k be n(-1). Calculate the remainder when (-2)/4*(k + -28 + 2) is divided by 5.
3
Let j(d) = -2*d**3 - 2*d**2. Let l(r) = -2*r**3 + 60*r**2 - 67*r - 67. Let q(n) = 2*j(n) - l(n). Calculate the remainder when q(-33) is divided by 9.
7
Let b = -8 + 10. Suppose 3 = 2*v - 4*h - 5, -2*v - 2*h = -b. Calculate the remainder when 29 is divided by (10 + -6)/(v + (-24)/15).
9
Let o(t) = 2*t**2 + 16*t - 37. Let z be o(12). Let p = z + -438. Calculate the remainder when 40 is divided by p.
0
What is the remainder when 340 is divided by (10/18)/((-3)/(-351))?
15
Let p(j) = 3*j**2 + 162*j - 236. Calculate the remainder when p(-56) is divided by 89.
11
Suppose 0 = 13*q - 1233 - 509. Let t = -76 + q. What is the remainder when t is divided by 31?
27
Let u = 101481 + -101342. What is the remainder when u is divided by 1 + (44 - (0 - -1))?
7
Let d = -12905 - -13031. Calculate the remainder when 601 is divided by d.
97
Let a = 10046 - 10011. Calculate the remainder when 405 is divided by a.
20
Suppose -38 = -20*k + 242. Calculate the remainder when 515 is divided by k.
11
Suppose 0 = -4*b + 2*u + 932, -190*b = -195*b + 2*u + 1164. Calculate the remainder when b is divided by (-15)/(-5) - 1 - (-2 - 47).
28
Let d(m) = -m**2 - 15*m - 26. Let q be d(-13). Suppose 5*o - 10*o + 450 = q. Calculate the remainder when (-2 + 0)/((-9)/o) is divided by 5.
0
Let v be -4 + 8 + 3 + 4. Suppose -25 = -5*r, -v*q - r = -7*q - 237. What is the remainder when q is divided by 13?
6
Let x(u) be the second derivative of -u**3/2 - u**2/2 - 10*u - 3. What is the remainder when x(-9) is divided by 10?
6
Suppose 5*p + 440 = 2*q + 1981, 1538 = 5*p - q. Suppose 4*i - 812 = 2*c, 3*i = -4*c + p + 313. Calculate the remainder when i is divided by 68.
0
Let o(p) = -3*p + 47. Let n be o(16). Let b(a) = -112*a**3 - a**2 - 2*a - 2. Calculate the remainder when b(n) is divided by -38*((3 - 4) + 0).
35
Let i = 14260 + -14191. What is the remainder when i is divided by 46?
23
Let d = -269 + -43. Calculate the remainder when (d/390)/((-2)/100) is divided by 5.
0
Suppose -415*k + 162 = -406*k. What is the remainder when 718 is divided by k?
16
Let j(n) = n**2 - 8*n + 8. Let p be j(6). Let o = p + 8. Let l(y) = -y**3 - 7*y**2 + 413*y + 2133. Calculate the remainder when l(-5) is divided by o.
2
Let g(c) = c**3 + c - 1. Suppose 5*x = 23*z - 22*z + 445, 0 = 5*z - 25. What is the remainder when x is divided by g(3)?
3
Let u = -1547 - -1723. Calculate the remainder when u is divided by 30.
26
Suppose 3*d = -2*c + 2694, 4*d - 3587 = -44*c + 43*c. Calculate the remainder when d is divided by 294.
14
Let p(g) = g**3 + 4*g**2 + 21*g + 18. Let u be p(-9). What is the remainder when (-2 + 1)/(-4*(-6)/u) is divided by 7?
3
Calculate the remainder when (-13 - -16 - -235) + 7 is divided by 73.
26
What is the remainder when 222 is divided by 2664/78 - (8 + 816/(-104))?
18
Suppose 0 = -5*n + m + 457, -n - m + 23 + 60 = 0. Calculate the remainder when 1033 is divided by n.
43
Calculate the remainder when 1866 is divided by (-3269)/(-28) - (14 + 1026/(-72)).
111
Suppose 0 = 20*y - 1062 - 2878. Let w = 211 - y. What is the remainder when w is divided by 7?
0
Let h(n) = -n**3 + 29*n**2 - 29*n + 40. Let a(d) = -2*d**3 - 7*d**2 - 11*d - 4. What is the remainder when a(-4) is divided by h(28)?
8
Let z = -43 - -97. Let k(f) = -f**2 + 111*f + f**2 - 10 - 102*f - f**2. What is the remainder when z is divided by k(6)?
6
Suppose -167 = -12*c + 205. Suppose 2*a - c - 9 = 0. Let q = a + -1. What is the remainder when 72 is divided by q?
15
Suppose 3*y + 0*y + 15 = 0. Suppose -672 = -4*f - 4*a, 0 = -44*f + 39*f + 2*a + 812. What is the remainder when f is divided by 35*(9/y + 3)?
38
Let t = -126 + 2011. Calculate the remainder when t is divided by 111.
109
Let v(u) = 4*u**3 + 33*u**2 - 103*u + 4. Calculate the remainder when 763 is divided by v(3).
63
Let a(h) = 3*h**2 + 96*h + 553. What is the remainder when a(-29) is divided by 113?
66
Suppose -4*x - 1208 = -4*c, 5*c - 211 = 2*x + 129